nd 78.
6
What is the greatest common divisor of 8217 and 121?
11
What is the highest common divisor of 6 and 792?
6
What is the highest common factor of 429 and 22?
11
What is the highest common divisor of 36 and 75?
3
What is the greatest common divisor of 385 and 70?
35
What is the greatest common factor of 625 and 10?
5
Calculate the greatest common factor of 2 and 82.
2
What is the highest common divisor of 8 and 4552?
8
Calculate the greatest common factor of 48 and 16.
16
What is the highest common factor of 56 and 11536?
56
Calculate the highest common divisor of 302 and 10.
2
What is the greatest common factor of 2456 and 24?
8
Calculate the highest common divisor of 93 and 589.
31
Calculate the greatest common factor of 1210 and 11.
11
Calculate the highest common factor of 4080 and 150.
30
What is the highest common divisor of 182 and 28?
14
Calculate the greatest common divisor of 12 and 444.
12
Calculate the highest common factor of 63 and 14.
7
What is the highest common divisor of 90 and 160?
10
What is the greatest common divisor of 16 and 18448?
16
Calculate the greatest common divisor of 152 and 40.
8
Calculate the highest common divisor of 864 and 45.
9
What is the greatest common divisor of 2268 and 224?
28
Calculate the greatest common divisor of 10 and 645.
5
Calculate the highest common divisor of 194 and 5141.
97
What is the greatest common divisor of 6325 and 1925?
275
Calculate the greatest common divisor of 66 and 88.
22
Calculate the greatest common divisor of 1011 and 2696.
337
Calculate the highest common factor of 741 and 26.
13
What is the greatest common divisor of 150 and 4860?
30
What is the greatest common factor of 460 and 40?
20
What is the highest common factor of 94 and 20351?
47
Calculate the highest common divisor of 189 and 7.
7
Calculate the highest common divisor of 355 and 2059.
71
Calculate the greatest common factor of 50 and 410.
10
Calculate the highest common divisor of 54 and 2322.
54
What is the highest common divisor of 10793 and 215?
43
What is the highest common factor of 86 and 43?
43
Calculate the greatest common divisor of 118 and 52274.
118
What is the greatest common divisor of 8340 and 180?
60
Calculate the highest common factor of 2057 and 68.
17
Calculate the greatest common divisor of 31 and 7037.
31
Calculate the highest common factor of 51 and 6035.
17
Calculate the greatest common factor of 5960 and 360.
40
What is the greatest common divisor of 41 and 205?
41
What is the highest common divisor of 882 and 18?
18
Calculate the highest common divisor of 1582 and 5424.
226
Calculate the greatest common factor of 197 and 21473.
197
Calculate the greatest common factor of 58 and 116.
58
What is the highest common factor of 1147 and 93?
31
What is the greatest common divisor of 56 and 7?
7
What is the highest common divisor of 3344 and 272?
16
Calculate the highest common factor of 1203 and 3.
3
Calculate the greatest common factor of 3560 and 40.
40
Calculate the highest common factor of 42 and 1428.
42
Calculate the greatest common divisor of 248 and 217.
31
What is the greatest common factor of 12 and 18?
6
Calculate the highest common factor of 315 and 2625.
105
Calculate the greatest common factor of 825 and 150.
75
Calculate the greatest common factor of 296 and 40.
8
Calculate the highest common factor of 870 and 30.
30
Calculate the highest common factor of 192 and 21.
3
Calculate the highest common factor of 54 and 54.
54
What is the highest common divisor of 92 and 1472?
92
Calculate the highest common divisor of 486 and 1098.
18
What is the highest common divisor of 22 and 12529?
11
What is the highest common divisor of 21 and 448?
7
Calculate the highest common factor of 119 and 153.
17
What is the greatest common factor of 47 and 18753?
47
What is the greatest common divisor of 167 and 8183?
167
What is the greatest common divisor of 87 and 24099?
87
What is the greatest common factor of 1278 and 142?
142
What is the greatest common factor of 336 and 96?
48
What is the greatest common factor of 110 and 3685?
55
Calculate the greatest common divisor of 15617 and 46.
23
Calculate the highest common divisor of 988 and 2444.
52
What is the highest common factor of 7272 and 72?
72
Calculate the highest common divisor of 19 and 8740.
19
What is the greatest common factor of 3824 and 2629?
239
Calculate the greatest common divisor of 221 and 832.
13
Calculate the highest common factor of 95 and 2185.
95
What is the highest common divisor of 5 and 34?
1
Calculate the greatest common divisor of 6358 and 22.
22
What is the greatest common factor of 6 and 138?
6
Calculate the greatest common factor of 38 and 931.
19
Calculate the greatest common divisor of 341 and 110.
11
Calculate the greatest common factor of 235 and 94.
47
Calculate the highest common factor of 24 and 224.
8
Calculate the greatest common factor of 187 and 425.
17
Calculate the greatest common divisor of 122 and 427.
61
What is the highest common divisor of 64 and 144?
16
Calculate the highest common divisor of 1717 and 357.
17
What is the highest common factor of 4 and 452?
4
Calculate the greatest common divisor of 1422 and 72.
18
What is the highest common divisor of 58 and 4?
2
Calculate the highest common divisor of 1 and 221.
1
Calculate the greatest common factor of 65 and 195.
65
What is the greatest common divisor of 52 and 442?
26
What is the greatest common divisor of 4564 and 56?
28
What is the greatest common divisor of 475 and 285?
95
Calculate the greatest common factor of 18 and 7758.
18
What is the highest common divisor of 583 and 212?
53
Calculate the greatest common factor of 266 and 19.
19
Calculate the highest common divisor of 190 and 10.
10
What is the highest common factor of 63 and 1071?
63
What is the highest common divisor of 16 and 4240?
16
What is the highest common factor of 225 and 180?
45
What is the highest common factor of 804 and 67?
67
Calculate the greatest common factor of 130 and 20.
10
Calculate the greatest common factor of 14677 and 26.
13
What is the greatest common factor of 191 and 573?
191
What is the highest common factor of 551 and 8555?
29
What is the highest common factor of 6084 and 26?
26
What is the highest common factor of 675 and 855?
45
What is the greatest common divisor of 255 and 153?
51
What is the greatest common factor of 13 and 130?
13
What is the greatest common factor of 72 and 264?
24
What is the highest common divisor of 15 and 2?
1
Calculate the highest common factor of 145 and 4785.
145
What is the greatest common factor of 589 and 31?
31
Calculate the greatest common factor of 2420 and 24.
4
Calculate the greatest common divisor of 6 and 590.
2
Calculate the greatest common divisor of 1845 and 45.
45
What is the highest common divisor of 78 and 104?
26
Calculate the highest common divisor of 66 and 330.
66
Calculate the greatest common divisor of 353 and 4.
1
Calculate the highest common divisor of 84 and 1572.
12
What is the greatest common divisor of 156 and 24258?
78
Calculate the greatest common divisor of 12 and 716.
4
Calculate the greatest common divisor of 208 and 32.
16
What is the highest common divisor of 4532 and 44?
44
Calculate the highest common divisor of 8 and 320.
8
What is the greatest common divisor of 2824 and 8?
8
What is the greatest common divisor of 37 and 592?
37
What is the highest common factor of 7089 and 3336?
417
What is the highest common divisor of 9 and 99?
9
What is the greatest common factor of 12 and 2028?
12
What is the highest common divisor of 475 and 125?
25
Calculate the highest common factor of 916 and 4.
4
What is the highest common divisor of 1026 and 594?
54
Calculate the highest common factor of 1 and 97.
1
What is the greatest common divisor of 540 and 342?
18
Calculate the highest common divisor of 120 and 1875.
15
Calculate the greatest common divisor of 366 and 610.
122
Calculate the highest common factor of 15 and 4395.
15
What is the highest common factor of 798 and 126?
42
What is the greatest common divisor of 5577 and 338?
169
What is the highest common divisor of 26221 and 13?
13
What is the greatest common factor of 696 and 120?
24
Calculate the highest common factor of 32 and 1568